et l(m) = 2*m + 15. Let h be l(9). Calculate the remainder when -4 - (4 + -2 - h) is divided by 3.
0
Let w = -58 + 62. Suppose 34 = 3*v - b - 41, 2*v - w*b = 40. What is the remainder when v is divided by 16?
10
What is the remainder when -7*12/(-84) + 14 is divided by 1?
0
Calculate the remainder when 109 is divided by (130/(-15) - -4)*-6.
25
Let k = -38 + 294. What is the remainder when k is divided by 37?
34
Suppose -324 = 355*h - 367*h. What is the remainder when h is divided by 19?
8
Let a = 2935 - 2494. Calculate the remainder when a is divided by 65.
51
Let b(q) = q**2 - 17*q + 19. Let w be b(16). Suppose 32 = w*h + h. What is the remainder when 14 is divided by h?
6
Let u = -412 + 414. Let v = 4 - -2. Calculate the remainder when v is divided by u.
0
Suppose 5*l + 65 = 5*w, -w + 0*l - 5 = 5*l. Suppose -5*d - b + 121 = -3*b, 3*b + 78 = 3*d. What is the remainder when d is divided by w?
3
Let o(d) = 5*d - 111. What is the remainder when o(32) is divided by 18?
13
Suppose -46 = z - 3*z. Suppose 2*p - z = p. What is the remainder when p is divided by 7?
2
Suppose 5*n - 27 = -4*r, -4*n + 3*r + 4 - 1 = 0. Suppose -2*g - 5*k - 27 = -81, 0 = k - 2. Suppose j = g + n. What is the remainder when 49 is divided by j?
24
Let f(u) = u**2 - 13*u + 73. What is the remainder when f(14) is divided by 37?
13
Suppose -2*j + 4*y - 96 = 0, 73 + 50 = -3*j - y. Let c = -29 - j. Calculate the remainder when c is divided by 2.
1
Suppose n - 4*n - 645 = 0. Let o(c) = -c**3 - 5*c**2 - 3*c + 2. What is the remainder when o(-5) is divided by n/(-45) - ((-33)/27 + 1)?
2
What is the remainder when 17 is divided by 532/70 - 4/(-10)?
1
Calculate the remainder when 407/8 - (-3)/24*1 is divided by 10.
1
Suppose -68 + 18 = -5*u. Suppose -6*v + u*v = 56. What is the remainder when 37 is divided by v?
9
Let z = 10 + -5. Suppose 16 = -z*p + p. What is the remainder when 28 is divided by (p - 0)*(7 + -11)?
12
Suppose 5 = y + 3. Suppose -3*f = 4*u + 10, 0 = u + u - 5*f - 8. What is the remainder when 82 is divided by -28*(y/u)/2?
26
Let l = 11 - 11. Suppose -3*m + l*m + 2*r = -54, 4*r = -3*m + 36. Let o(d) = -d**2 + 22*d - 8. What is the remainder when o(17) is divided by m?
13
Let t = 187 - 160. What is the remainder when 41 is divided by t?
14
Let h be 33/(-2)*8/(-4). Let c = h + 5. Let j = 69 - c. Calculate the remainder when j is divided by 18.
13
Let c(v) = -v**2 - 14*v - 11. Suppose -4*q - 570 = -9*q. Calculate the remainder when q is divided by c(-10).
27
Suppose -2 = 5*j - 4*j. Let h = j + 25. What is the remainder when 37 is divided by h?
14
Let x = 71 + -64. Let k = 41 - x. Calculate the remainder when k is divided by 12.
10
Suppose 5*z - 10*v - 143 = -7*v, z + 3*v - 43 = 0. What is the remainder when 120 is divided by z?
27
Suppose -3*m + 4*m = -5*f + 19, 0 = 2*m - 8. Calculate the remainder when (-640)/(-12) + 2/f is divided by 11.
10
Let w(h) = -192*h - 1. Let n be w(-1). Suppose 7*b - 1293 = n. Suppose -4*c - 24 = -b. What is the remainder when c is divided by 12?
11
Suppose h + 52 = 3*h. Suppose -i + 3 = 0, 57 = 5*b + i + 3*i. Calculate the remainder when h is divided by b.
8
Let v be 8 - (3 + -3 + -4). What is the remainder when 176/v - 5/(-15) is divided by 3?
0
Suppose -5*z + 10*z - 80 = 0. Let y be (8/10)/(0 - (-12)/450). Suppose 0 = -2*k - 12 + y. What is the remainder when z is divided by k?
7
Suppose 3*z - 2*i + 3 + 3 = 0, 6 = 2*i. Suppose z = -17*s - 219 + 1001. What is the remainder when 180 is divided by s?
42
Let i be (-3)/3 - (-3)/3. Suppose -s - 5*s + 24 = i. Let g = -13 + 16. What is the remainder when s is divided by g?
1
Let z be (-56)/14*(-2 - (-3 + 2)). Suppose -28 = -z*m - 16. What is the remainder when m is divided by 2?
1
Let r = -73 - -76. Suppose 2*l - 5*k = 8 + 13, 4*k = -r*l + 43. Calculate the remainder when 49 is divided by l.
10
Suppose 4 = u - 0. Suppose -u*w + 6 = -w. Let c(m) = m**3 - 8*m**2 - 9*m + 4. Calculate the remainder when c(9) is divided by w.
0
Let j(i) = i**3 - 11*i**2 - 22*i - 16. What is the remainder when 466 is divided by j(13)?
34
Let k(u) = 12*u - 3. Let r = -12 - -15. Calculate the remainder when 2 + (-42)/35 + 632/10 is divided by k(r).
31
Let y(s) = -s**2 + 8*s - 7. Let z be y(7). Let f(r) = 5*r - 5*r - 157 + 178 - r**2. Calculate the remainder when f(z) is divided by 6.
3
Suppose 4654 = 20*i - 4146. Calculate the remainder when i is divided by 74.
70
Let v(s) = -14*s + 22. Let l(u) = -u**2 + 1 + 6 - 3 + 4 - 9*u. Calculate the remainder when v(0) is divided by l(-9).
6
Suppose 14 = 7*m - 21. What is the remainder when 9 is divided by m?
4
Let o(w) be the third derivative of -3*w**4/8 - 7*w**3/6 - w**2. What is the remainder when 28 is divided by o(-2)?
6
Let u be (190/(-4))/((-8)/(-16)). Let h be u/(-15) + (-12)/9. Suppose d - 3 = -x + 3, h*x + 19 = 2*d. Calculate the remainder when d is divided by 2.
1
Let l(j) = -j**3 + 21*j**2 + 165*j - 24. Suppose -c - 72 = -5*w - 1, -c + 4 = 0. What is the remainder when l(27) is divided by w?
12
Let w(j) = -j + 16. Calculate the remainder when 42 is divided by w(12).
2
Let w = -333 + 383. Calculate the remainder when w is divided by 5.
0
Let n(s) = 9*s**2 - 2*s - 33. Calculate the remainder when 173 is divided by n(4).
70
Let t be ((-111)/12)/(2 + 27/(-12)). Suppose 0 = -p - 10 + t. What is the remainder when p is divided by (-244)/(-16) - 2/8?
12
Suppose -3*i + 1403 = 5*a, i + 4*a = 5*i - 1860. Calculate the remainder when i is divided by 35.
11
Let v(z) = -z**3 + z**2 + 6*z + 105. What is the remainder when v(0) is divided by 28?
21
Let l(u) = 30*u - 5. Suppose 4*m + 9 = 33. Let x be l(m). Let v = -121 + x. What is the remainder when v is divided by 14?
12
Suppose -18*q + 4*f = -13*q - 47, 0 = -q - f + 4. Calculate the remainder when 17 is divided by q.
3
Let q(m) = -m + 20. What is the remainder when 135 is divided by q(-3)?
20
Let t(v) = v**3 - 3*v**2 - 3*v - 4. Let c = -27 + 31. Let s be t(c). Suppose -3*i + 5*i - 76 = s. What is the remainder when i is divided by 10?
8
Suppose 2*p + 27 = 3*z - 62, p = -z + 28. Calculate the remainder when 136 is divided by z.
20
Suppose 5*y = 2*x - 31, -3*x + x + 55 = 3*y. Calculate the remainder when 42 is divided by x.
19
Suppose 5*v - 3*v - 10 = 2*c, 0 = 2*c - v + 5. What is the remainder when (30 - c) + (-1 - (0 - 0)) is divided by (2 + -1)*(-2 + 18)?
13
Suppose -5*w + 72 = 4*f, 7*w - 94 = -4*f - 14. Let z = 7 - 2. Calculate the remainder when f is divided by z.
3
Let p(s) = -130*s**3 + 2*s**2 + 3*s. Let d be p(-1). Suppose -41*r = -44*r + d. What is the remainder when 299 is divided by r?
41
Let v be 8/((-112)/(-1074)) + 2/7. Suppose 3*t = -i + v, 3*t + 313 = -2*i + 7*i. What is the remainder when i is divided by 17?
14
Suppose h = 5*k + 22 - 19, h - k - 19 = 0. What is the remainder when h is divided by 12?
11
Suppose -190 = -9*m + 98. Calculate the remainder when m is divided by 18.
14
Let g(x) = x**2 - 4*x + 4. Calculate the remainder when g(6) is divided by 5.
1
Suppose -34 = -15*k - 4. Calculate the remainder when 41 is divided by k.
1
Suppose n - 66 = -3*a, 0*n - 5*n = -4*a - 235. What is the remainder when 140 is divided by n?
38
Suppose 10*n - 8*n = 20. Suppose l - 2*u + n = 0, -7 + 2 = l - u. Let v = l - -8. What is the remainder when v is divided by 3?
2
Let b be (1*6)/(18/12). Let q be b/12 - 1/3. Suppose -4*h + 164 = -q*h. Calculate the remainder when h is divided by 7.
6
Suppose 4*j - 64 = -48. Suppose -v = -3*v + 10. What is the remainder when v is divided by j?
1
Let j be (-32 - 0)/(6/(-12)). Suppose -5*v = -v - j. Calculate the remainder when v is divided by 12.
4
Let q be (0/(-1))/(-4) - -5. Suppose -z = q*y - 78, 2*z - 5*z + 234 = -5*y. Let g = z - 47. What is the remainder when g is divided by 8?
7
Let g(o) = -o**2 - 13*o + 16. Let h be g(8). Let d = 101 + h. Let m = d - -72. Calculate the remainder when 61 is divided by m.
19
Let b = 78 - 31. Let q be 3 + (-54)/15 + 287/(-5). Let h = -48 - q. Calculate the remainder when b is divided by h.
7
Let c = 64 + -22. Let u(m) = 3*m - m + 5 - 14. What is the remainder when c is divided by u(10)?
9
Calculate the remainder when 617 is divided by 4094/138 + 12/9.
28
Suppose 0*x + 33 = 3*x. What is the remainder when (-4)/(-1) - (-69 - x) is divided by 22?
18
Let b =